Let x(k) = 3*k**3 - 2*k + 1. What is x(u)?
2
Let g(l) be the second derivative of 1/30*l**5 + 0*l**2 - 1/720*l**6 - l - 1/4*l**4 + 0*l**3 + 0. Let n(b) be the third derivative of g(b). Calculate n(2).
2
Let n(g) = -2*g**2 + g + 7. Let r(c) = 2*c**2 - c - 6. Let a(x) = -5*n(x) - 6*r(x). Determine a(3).
-14
Suppose 0*c - 2*c - 2 = 0. Let p = c + 6. Let v(n) = -2*n**2 + 6*n + 3. Determine v(p).
-17
Let p(b) = 0*b**2 - 1 - 5*b + 2*b**2 + 0 - 3*b**2. Let l(s) = 3*s**2 - 5*s**2 - 2*s**3 - 2*s + 3*s**3. Let r be l(2). Give p(r).
3
Suppose 0 = -o - 2*o. Suppose -a = i + 10, o*i + 4*a = -2*i - 30. Let m(s) = s**2 + 5*s + 3. What is m(i)?
3
Let h(r) = -3*r + 8. Let z = -10 - -16. Give h(z).
-10
Let j(i) be the first derivative of -2*i**3/3 - i**2 - i + 72. Give j(2).
-13
Suppose -13 + 38 = 5*k. Let w(b) = -b**2 - b + 7. Give w(k).
-23
Let k(q) = -q**3 - 5. Suppose 3*w - 24 = -2*y - y, 2*y - 8 = 2*w. Let u = y - 6. What is k(u)?
-5
Let g(n) = -3*n + 1. Suppose 2*l - 2*c = -4*c - 10, -l + c = 1. What is g(l)?
10
Let o(p) = 7*p + 6. Let k(g) = 6*g + 5. Let z(h) = 6*k(h) - 5*o(h). Calculate z(-5).
-5
Let u(t) = t**3 - 7*t**2 + 5*t + 4. Let b = -11 - -18. Let o = 13 - b. Give u(o).
-2
Let o(x) be the third derivative of -x**4/24 + 13*x**3/6 - 10*x**2. What is o(9)?
4
Let n = -15 - -17. Suppose 0 = -5*o - 5*m - 6 + 26, -2*o - 4*m = -16. Suppose o*a = -n*a. Let g(t) = t**3 - t**2 - t + 8. Calculate g(a).
8
Let t(n) = n**3 - 5*n**2 - 5*n**2 + 0*n**2 + 5*n + 3*n**2. What is t(6)?
-6
Let b(t) = 0*t - 2*t - t. Suppose -7 = -3*d + 11. Suppose 0*r = 3*r + d. Calculate b(r).
6
Let z(n) be the first derivative of -n**3/3 - 3*n**2/2 + 5*n - 26. Calculate z(-5).
-5
Suppose 7*v = 3*v. Let k(c) = 4 + 5 - 3*c**2 + 2*c**2. Calculate k(v).
9
Let m(f) = f**2 - 7*f - 5. Let y be m(7). Let b(p) be the first derivative of -p**3/3 - 5*p**2/2 - 3. Calculate b(y).
0
Let w be (-2 - -1)*5*-1. Suppose -3*a - 4 = -2*k, a - 1 = w*k - a. Let n(h) = h. Calculate n(k).
-1
Let c(m) = 3*m**2 - 5*m**2 + m**3 + m**2. Suppose -3*d = 2*j - 7, 0 = -2*j - d + 8 - 7. Calculate c(j).
-2
Let i(g) = 4*g - 13 + 25 - 8 - 8. What is i(3)?
8
Let b(y) = -2*y**2. Let v(g) = g**2 + g + 1. Let k be v(-1). Let n be b(k). Let a(i) = 0*i**3 + i**3 + i - 2*i**3 - i**2 + 2. Give a(n).
4
Let k(s) = -2*s. Suppose 0 = 4*i + i - 20. Let w = 2 + i. Let f = -10 + w. What is k(f)?
8
Let z(j) = j + 1. Let l(o) = 2*o + o**3 + 8*o**2 - 12 + 1 - 10*o**2 - 6*o**2. Let d be l(8). Determine z(d).
6
Let k be -5*(3 - (-16)/(-4)). Let m(z) = -z**3 - 6*z**2 - 5*z + 2. Let o be m(-5). Let s(p) = 4*p - 4*p**o - k*p + 9*p**2. Determine s(-1).
6
Suppose -5*m = m. Suppose z = -z + 2*y + 6, m = 3*z + y + 7. Let c(l) = 4*l**3 - l**2. Calculate c(z).
-5
Suppose -5*r - 5 = 5*c, 3*r = -5*c - 3 - 0. Let w be (-2 + 3)*1 - r. Let n(u) = -2*u**w + 3*u**2 + 3 + u + u. Calculate n(-2).
3
Let l be (1 + 0)/((-2)/(-10)). Let o(f) = 3*f**3 - 6*f**2 - 7*f + 8. Let c(d) = -7*d**3 + 13*d**2 + 15*d - 17. Let s(w) = 2*c(w) + 5*o(w). What is s(l)?
6
Let f(x) = -x**3 + 9*x**2 + 9*x + 12. Let d be f(10). Let a be (1 - -7)/(2 - 0). Let g(r) = 4*r**2 + 4*r - 2*r**3 - 3 + r**2 - a*r**2. What is g(d)?
-7
Let x(h) = h**2 - 7*h + 5. Let w be x(7). Let t = w + -3. Let u(r) = 5 - 4 + t*r - r - 9*r. Determine u(1).
-7
Let r be (1*-2)/((-3)/6). Suppose 2*g = -0*g + r, 0 = -m - g + 3. Let k(q) = q + 0*q - m + 0. What is k(4)?
3
Let j(q) = q**2 + 5*q + 2. Suppose -6*t = -3*t - 9. Suppose 0*v + 12 = t*v. Suppose -4*z = -3*s + 2*s + 1, v*z = 4*s + 8. What is j(s)?
-4
Suppose 0 = -5*t + 3*y - 11 + 37, 4*t + 5*y - 43 = 0. Let b(m) = m**3 - 6*m**2 - 8*m + 6. What is b(t)?
-1
Suppose 2 = q - 3*l + 8, -3*q - l = -2. Let v(b) = -b - 10. Give v(q).
-10
Let h(x) be the second derivative of x**7/2520 - x**4/6 + 2*x. Let b(r) be the third derivative of h(r). Suppose 0*w - 4*w = -4*o, 5*w = 2*o. Give b(o).
0
Let n(z) = 5*z**2 - 4*z - 1. Let s(g) = -g. Let f(a) = -n(a) + 2*s(a). What is f(-1)?
-6
Let z be 6/27 - (-50)/18. Let q(f) = 0 + 3*f**2 - 4*f**2 + 1 + z*f**2 + 2*f**3. What is q(-2)?
-7
Let a(r) = 2*r - 1 + r + 2*r - 2. Let g(j) = 4*j. Let y(z) = z + 1. Let q(x) = g(x) - y(x). Let u be q(1). Calculate a(u).
7
Let y(j) = 3*j**2 - 4*j + 2. Let h be y(2). Let i(a) be the third derivative of 1/3*a**3 + 1/30*a**5 - 2*a**2 - 1/12*a**4 + 1/120*a**h + 0 + 0*a. Give i(-3).
-1
Let r(s) be the first derivative of s**4/4 - s**3/3 - 3*s**2/2 + 4*s - 7. Determine r(3).
13
Let x(u) = -3*u - 4. Let i(d) = -2*d - 3. Let n(t) = -7*i(t) + 5*x(t). Let a be (-1 - 1) + 1 + 2. Give n(a).
0
Let i(t) = t - 9. Let d be i(15). Let p = d - 11. Let w(x) = x**2 + 5*x + 4. What is w(p)?
4
Let b(z) = 4*z + 7. Let h = -16 + 10. Let i(t) = -5*t - 8. Let v(j) = h*b(j) - 5*i(j). Give v(-4).
-6
Let t(g) be the third derivative of g**6/20 + g**5/60 - g**3/6 + 11*g**2. Determine t(-1).
-6
Let f be 2 - (-6 + 1 + -3). Suppose 4*y - 3*h + f = -h, -3*y = 5*h + 14. Let x(i) = -i**3 - i**2 + 5*i + 2. Give x(y).
5
Let p = 60 - 65. Let m(i) = i**3 + 5*i**2 + 2 - 1 + 0. Give m(p).
1
Let o(s) = -s**3 + s**2 + 25. Let w be o(0). Suppose 6*r + w = 11*r. Let y(f) = f**2 - 4*f + 6. What is y(r)?
11
Suppose -4*j - 4*p - 32 = 0, -5*p + 1 = -5*j - 9. Let l = 8 + j. Suppose -5*o = -l*o. Let v(s) = s**3 - 10. What is v(o)?
-10
Let v be 4 + -2 + 0 - -2. Suppose v*y - 6 - 2 = 0. Let u(g) = -3 - 3*g**2 + 4*g**y + g - 2*g. What is u(0)?
-3
Let o = 5 + -3. Suppose o = -j - 1. Let g(i) = -i**2 - 4*i + 1. What is g(j)?
4
Let z = -16 - -18. Let a(i) be the first derivative of -1/2*i**2 + 4*i - z. Calculate a(-3).
7
Let j(q) = -q**2 - 11*q - 15. Let r be j(-10). Let c(k) = k + 6. Give c(r).
1
Let c(v) = -v**2 + 15. Let p(k) = k**2 + k - 16. Let j(w) = -7*c(w) - 6*p(w). Determine j(7).
-2
Let a(x) be the second derivative of x**3/6 - 3*x**2/2 - 9*x. Let k(d) be the first derivative of 2*d**2 - 10*d - 1. Let f(v) = 7*a(v) - 2*k(v). What is f(-5)?
4
Let y be (-2)/(-4) - (-18)/(-4). Let j(s) = s + 3. Let r be j(y). Let v(g) = -9*g**3 + g. Determine v(r).
8
Let t(w) be the third derivative of -w**6/120 - 3*w**2. Let o = 3 - 5. Determine t(o).
8
Let y(z) be the second derivative of z**3/6 - z**2 - 4*z. Give y(-5).
-7
Let i be 9/(-15) - (-28)/5. Suppose 3*o + 30 = i*j, 4*j + 8 = -6*o + 2*o. Let g(s) = s - 4. Calculate g(j).
-1
Let p(v) = v + 5. Suppose 3*q + 1 = 4*a, 45 = 2*a + 3*a + 5*q. Suppose -a*o + 7*o - 18 = 0. Let k be (0 - 3/o)*0. Determine p(k).
5
Let s(i) = -2*i**2. Let g(a) be the second derivative of -a**5/10 + a**2/2 + 3*a. Let o be 3 + 1*1*-2. Let w be g(o). Calculate s(w).
-2
Let l(z) = z**2 - z. Let k(i) = -3*i**2 + 3*i**2 - 4*i**2 + 2*i**2 - 4 + 7*i. Let p(s) = k(s) + 4*l(s). Suppose 0 = -3*f - 2*f - 15. Determine p(f).
5
Let r(x) = 13*x + 9. Let m(f) = -7*f - 4. Let z(g) = 13*m(g) + 6*r(g). Let c(n) = 2 - 1 - 5*n - 2*n. Let s(o) = -7*c(o) + 4*z(o). Calculate s(-1).
4
Let z(g) = 2*g**2 + 4*g + 3. Let m be z(-2). Suppose -5*j = -m*q + 11, 2*j + 4*q = 3*q - 11. Let f(o) = -o**3 - 3*o**2 + 3*o - 2. Determine f(j).
2
Suppose 3 = -3*w - 6. Let m = 3 + w. Let a(v) = -v**3 + 4*v**2 - 3*v + m*v + 4*v + 3. Determine a(4).
7
Let q(w) = -w. Let s be q(-2). Suppose 8 - s = 3*l. Suppose 3*o + 25 = 2*v, -5*v - 4 = -l*o - 39. Let g(u) = -u**3 + 5*u**2 - 4. Calculate g(v).
-4
Let t(g) = -g**2 + 6*g + 3. Suppose 7*f - 22 = 13. Determine t(f).
8
Let q be -3 + 7 - (-6)/(-2). Let h = q - -1. Let y(z) = z + 2. Give y(h).
4
Let h be (12/(-21))/(2/(-7)). Let c(d) = 4*d - 3*d**3 + 2*d**3 - 3*d**2 + 6*d**h. Suppose 3*r = -p - 11, 4*p - 45 = -p + 5*r. What is c(p)?
0
Let j be 8 - 5/((-20)/(-12)). Let l(r) = -r**2 + 5*r + 1. What is l(j)?
1
Suppose 7*f + 5 = 2*f. Suppose -8 = 4*k - 4*m, -4*k - 3*m + 16 = -2*k. Let l(y) = -4*y - k + 2 + 1. Give l(f).
5
Let f(s) = -2*s**2 - 7*s + s**2 + s + 2. Let d(o) = -3*o - 27. Let l be d(-7). Determine f(l).
2
Suppose -8 = -55*r + 53*r. Let n(l) = -4*l + 5. Calculate n(r).
-11
Let r = 14 + -19. Let l = -9 - r. Let o(k) = k**3 + 3*k**2 - 5*k + 3. Give o(l).
7
Let t(z) = -2*z**2 + z. Let x be t(0). Let g(j) be the third derivative of x - 1/24*j**4 + 0*j + 0*j**3 + 2*j**2. What is g(-1)?
1
Let n(t) be the second derivative of t**8/2240 - t**6/720 - t**4/12 + t. Let w(j) be the third derivative of n(j). Determine w(-1).
-2
